17, 5683
What are the prime factors of 4595?
5, 919
List the prime factors of 29769.
3, 9923
List the prime factors of 20090.
2, 5, 7, 41
What are the prime factors of 85068?
2, 3, 17, 139
What are the prime factors of 3848?
2, 13, 37
What are the prime factors of 20412?
2, 3, 7
List the prime factors of 4489.
67
List the prime factors of 1476.
2, 3, 41
What are the prime factors of 7338?
2, 3, 1223
List the prime factors of 32002.
2, 16001
List the prime factors of 12067.
11, 1097
What are the prime factors of 7936?
2, 31
List the prime factors of 7565.
5, 17, 89
What are the prime factors of 19434?
2, 3, 41, 79
What are the prime factors of 965?
5, 193
List the prime factors of 17274.
2, 3, 2879
What are the prime factors of 7054?
2, 3527
What are the prime factors of 21804?
2, 3, 23, 79
List the prime factors of 168.
2, 3, 7
List the prime factors of 24376.
2, 11, 277
List the prime factors of 5709.
3, 11, 173
What are the prime factors of 712?
2, 89
List the prime factors of 19318.
2, 13, 743
List the prime factors of 300.
2, 3, 5
List the prime factors of 1010.
2, 5, 101
What are the prime factors of 17638?
2, 8819
What are the prime factors of 98678?
2, 49339
List the prime factors of 10236.
2, 3, 853
List the prime factors of 80337.
3, 61, 439
List the prime factors of 1662.
2, 3, 277
What are the prime factors of 277?
277
List the prime factors of 3618.
2, 3, 67
What are the prime factors of 119152?
2, 11, 677
List the prime factors of 10203.
3, 19, 179
What are the prime factors of 2667?
3, 7, 127
What are the prime factors of 42086?
2, 11, 1913
What are the prime factors of 1366?
2, 683
What are the prime factors of 3338?
2, 1669
List the prime factors of 666.
2, 3, 37
What are the prime factors of 2575?
5, 103
What are the prime factors of 242?
2, 11
List the prime factors of 12230.
2, 5, 1223
What are the prime factors of 29466?
2, 3, 1637
List the prime factors of 39407.
157, 251
What are the prime factors of 2012?
2, 503
What are the prime factors of 839?
839
What are the prime factors of 4370?
2, 5, 19, 23
List the prime factors of 6093.
3, 677
What are the prime factors of 94116?
2, 3, 11, 23, 31
List the prime factors of 95756.
2, 37, 647
What are the prime factors of 11070?
2, 3, 5, 41
What are the prime factors of 12565?
5, 7, 359
List the prime factors of 1035.
3, 5, 23
What are the prime factors of 85439?
85439
List the prime factors of 1477.
7, 211
List the prime factors of 11455.
5, 29, 79
What are the prime factors of 119674?
2, 53, 1129
List the prime factors of 2374.
2, 1187
What are the prime factors of 16898?
2, 7, 17, 71
List the prime factors of 717.
3, 239
What are the prime factors of 3319?
3319
List the prime factors of 65796.
2, 3, 5483
List the prime factors of 1034.
2, 11, 47
List the prime factors of 1191.
3, 397
What are the prime factors of 2225?
5, 89
What are the prime factors of 844?
2, 211
What are the prime factors of 34503?
3, 7, 31, 53
What are the prime factors of 2271?
3, 757
What are the prime factors of 40588?
2, 73, 139
List the prime factors of 944.
2, 59
What are the prime factors of 5849?
5849
List the prime factors of 57499.
13, 4423
What are the prime factors of 3049?
3049
List the prime factors of 92541.
3, 109, 283
What are the prime factors of 4343?
43, 101
List the prime factors of 10454.
2, 5227
What are the prime factors of 99752?
2, 37, 337
What are the prime factors of 706?
2, 353
List the prime factors of 1614.
2, 3, 269
List the prime factors of 35667.
3, 1321
What are the prime factors of 1658?
2, 829
What are the prime factors of 22436?
2, 71, 79
What are the prime factors of 9052?
2, 31, 73
What are the prime factors of 6903?
3, 13, 59
What are the prime factors of 27573?
3, 7, 13, 101
What are the prime factors of 10877?
73, 149
What are the prime factors of 2009?
7, 41
List the prime factors of 35352.
2, 3, 491
What are the prime factors of 45204?
2, 3, 3767
What are the prime factors of 63618?
2, 3, 23, 461
List the prime factors of 83966.
2, 41983
List the prime factors of 4151.
7, 593
What are the prime factors of 77034?
2, 3, 37, 347
What are the prime factors of 9580?
2, 5, 479
What are the prime factors of 9115?
5, 1823
What are the prime factors of 12120?
2, 3, 5, 101
What are the prime factors of 9621?
3, 1069
List the prime factors of 1134.
2, 3, 7
List the prime factors of 65441.
31, 2111
What are the prime factors of 418?
2, 11, 19
List the prime factors of 61898.
2, 30949
What are the prime factors of 19150?
2, 5, 383
What are the prime factors of 379?
379
What are the prime factors of 17621?
67, 263
What are the prime factors of 506?
2, 11, 23
What are the prime factors of 99142?
2, 19, 2609
List the prime factors of 22020.
2, 3, 5, 367
What are the prime factors of 18832?
2, 11, 107
List the prime factors of 2558.
2, 1279
List the prime factors of 75303.
3, 2789
List the prime factors of 10188.
2, 3, 283
What are the prime factors of 3454?
2, 11, 157
What are the prime factors of 45263?
45263
List the prime factors of 1659.
3, 7, 79
What are the prime factors of 61161?
3, 19, 29, 37
List the prime factors of 88728.
2, 3, 3697
What are the prime factors of 5025?
3, 5, 67
List the prime factors of 197.
197
What are the prime factors of 6158?
2, 3079
What are the prime factors of 1506?
2, 3, 251
What are the prime factors of 87998?
2, 23, 1913
List the prime factors of 162.
2, 3
What are the prime factors of 8913?
3, 2971
List the prime factors of 6152.
2, 769
What are the prime factors of 6397?
6397
List the prime factors of 660.
2, 3, 5, 11
List the prime factors of 4643.
4643
What are the prime factors of 5636?
2, 1409
List the prime factors of 754.
2, 13, 29
What are the prime factors of 3141?
3, 349
What are the prime factors of 2514?
2, 3, 419
What are the prime factors of 4138?
2, 2069
What are the prime factors of 1873?
1873
What are the prime factors of 1894?
2, 947
What are the prime factors of 2730?
2, 3, 5, 7, 13
What are the prime factors of 36524?
2, 23, 397
What are the prime factors of 25206?
2, 3, 4201
What are the prime factors of 3663?
3, 11, 37
What are the prime factors of 600?
2, 3, 5
What are the prime factors of 38183?
38183
What are the prime factors of 356?
2, 89
List the prime factors of 46720.
2, 5, 73
What are the prime factors of 81425?
5, 3257
What are the prime factors of 1040?
2, 5, 13
List the prime factors of 365.
5, 73
What are the prime factors of 35225?
5, 1409
What are the prime factors of 110?
2, 5, 11
List the prime factors of 3786.
2, 3, 631
What are the prime factors of 14619?
3, 11, 443
What are the prime factors of 189?
3, 7
List the prime factors of 10082.
2, 71
What are the prime factors of 1716?
2, 3, 11, 13
What are the prime factors of 21810?
2, 3, 5, 727
List the prime factors of 5180.
2, 5, 7, 37
List the prime factors of 1676.
2, 419
What are the prime factors of 1079?
13, 83
List the prime factors of 142036.
2, 35509
List the prime factors of 1530.
2, 3, 5, 17
What are the prime factors of 1368?
2, 3, 19
List the prime factors of 4066.
2, 19, 107
What are the prime factors of 131745?
3, 5, 8783
What are the prime factors of 582?
2, 3, 97
List the prime factors of 62860.
2, 5, 7, 449
What are the prime factors of 45901?
197, 233
What are the prime factors of 5927?
5927
List the prime factors of 28321.
127, 223
What are the prime factors of 789?
3, 263
List the prime factors of 2512.
2, 157
What are the prime factors of 1886?
2, 23, 41
List the prime factors of 195.
3, 5, 13
What are the prime factors of 652?
2, 163
List the prime factors of 14503.
14503
What are the prime factors of 458?
2, 229
What are the prime factors of 874?
2, 19, 23
List the prime factors of 33238.
2, 16619
What are the prime factors of 40199?
61, 659
List the prime factors of 30.
2, 3, 5
What are the prime factors of 4915?
5, 983
What are the prime factors of 87?
3, 29
What are the prime factors of 4135?
5, 827
What are the prime factors of 2000?
2, 5
List the prime factors of 10786.
2, 5393
What are the prime factors of 2889?
3, 107
What are the prime factors of 2473?
2473
What are the prime factors of 430?
2, 5, 43
What are the prime factors of 7066?
2, 3533
What are the prime factors of 67040?
2, 5, 419
What are the prime factors